{"id":324,"date":"2018-05-24T14:14:40","date_gmt":"2018-05-24T14:14:40","guid":{"rendered":"http:\/\/kiwikerstin.musikundsprachen.de\/?page_id=324"},"modified":"2021-02-09T09:53:30","modified_gmt":"2021-02-09T09:53:30","slug":"impressum","status":"publish","type":"page","link":"https:\/\/kiwikerstin.musikundsprachen.de\/?page_id=324","title":{"rendered":"Impressum"},"content":{"rendered":"<p><b>Impressum Angaben gem\u00e4\u00df \u00a7 5 TMG<\/b><\/p>\n<p><span style=\"font-size: inherit;\">Kerstin Scholz (kerstin.scholz(at)myscholz.biz)<\/span><\/p>\n<p>Spohla 117<br \/>\n02997 Wittichenau<br \/>\nSt.Nr.: 213\/271\/04257<\/p>\n<p><b>Verantwortlich f\u00fcr den Inhalt gem\u00e4\u00df \u00a7 55 Abs. 2 RStV<\/b><\/p>\n<p><span style=\"font-size: inherit;\">Kerstin Scholz (kerstin.scholz(at)myscholz.biz)<\/span><\/p>\n<p>Spohla 117<br \/>\n02997 Wittichenau<\/p>\n","protected":false},"excerpt":{"rendered":"<p>Impressum Angaben gem\u00e4\u00df \u00a7 5 TMG Kerstin Scholz (kerstin.scholz(at)myscholz.biz) Spohla 117 02997 Wittichenau St.Nr.: 213\/271\/04257 Verantwortlich f\u00fcr den Inhalt gem\u00e4\u00df<\/p>\n","protected":false},"author":1,"featured_media":0,"parent":0,"menu_order":0,"comment_status":"closed","ping_status":"closed","template":"","meta":{"spay_email":""},"jetpack_sharing_enabled":true,"jetpack_shortlink":"https:\/\/wp.me\/PaGcX1-5e","jetpack_likes_enabled":true,"_links":{"self":[{"href":"https:\/\/kiwikerstin.musikundsprachen.de\/index.php?rest_route=\/wp\/v2\/pages\/324"}],"collection":[{"href":"https:\/\/kiwikerstin.musikundsprachen.de\/index.php?rest_route=\/wp\/v2\/pages"}],"about":[{"href":"https:\/\/kiwikerstin.musikundsprachen.de\/index.php?rest_route=\/wp\/v2\/types\/page"}],"author":[{"embeddable":true,"href":"https:\/\/kiwikerstin.musikundsprachen.de\/index.php?rest_route=\/wp\/v2\/users\/1"}],"replies":[{"embeddable":true,"href":"https:\/\/kiwikerstin.musikundsprachen.de\/index.php?rest_route=%2Fwp%2Fv2%2Fcomments&post=324"}],"version-history":[{"count":2,"href":"https:\/\/kiwikerstin.musikundsprachen.de\/index.php?rest_route=\/wp\/v2\/pages\/324\/revisions"}],"predecessor-version":[{"id":1464,"href":"https:\/\/kiwikerstin.musikundsprachen.de\/index.php?rest_route=\/wp\/v2\/pages\/324\/revisions\/1464"}],"wp:attachment":[{"href":"https:\/\/kiwikerstin.musikundsprachen.de\/index.php?rest_route=%2Fwp%2Fv2%2Fmedia&parent=324"}],"curies":[{"name":"wp","href":"https:\/\/api.w.org\/{rel}","templated":true}]}}